 s(d) = 83*d**2 + 168*d - 28. Calculate s(-4).
628
Let d(q) = 2828*q**2 - 14085*q - 268. Determine d(5).
7
Let u(p) = p**3 + 7*p**2 - 2028*p + 29773. What is u(20)?
13
Let v(k) = -2*k**3 + 11*k**2 + 24*k + 36. Give v(-5).
441
Let c(v) = -70*v**3 + 88620*v**2 - 9*v + 11392. What is c(1266)?
-2
Let p(x) = x**2 + 15*x - 639. Calculate p(-31).
-143
Let n(d) = 151097*d - 7. Give n(0).
-7
Let x(w) = -2*w**3 + 80*w**2 - 490*w - 551. Calculate x(32).
153
Let i(a) = 3*a**2 - 1469*a + 177480. Determine i(217).
-26
Let s(d) = 110*d**2 + 37050*d - 37050. What is s(1)?
110
Let d(v) = -1111*v - 59297. Calculate d(-55).
1808
Let q(p) = -429*p + 164. Determine q(-1).
593
Let g(b) = b**2 + 1318*b - 92799. What is g(67)?
-4
Let b(w) = 4*w**3 + 8*w**2 + 30*w - 13. Determine b(-9).
-2551
Let w(m) = -2*m**3 - 181*m**2 + 1463*m - 86. Calculate w(-98).
600
Let p(j) = 13754*j - 97531. Calculate p(7).
-1253
Let o(a) = a**3 - 32*a**2 + 78*a + 466. Calculate o(6).
-2
Let s(f) = -f**3 - 19*f**2 + 143*f - 260. Calculate s(-25).
-85
Let f(m) = -46*m**3 - 25575*m**2 + 499*m - 31669. What is f(-556)?
23
Let k(o) = 73*o**2 - 955*o - 251. What is k(14)?
687
Let w(p) = -p**2 - 87*p - 731. Determine w(-79).
-99
Let p(n) = -8878*n - 35554. What is p(-4)?
-42
Let i(p) = p**3 + 32*p**2 + 176*p + 2526. Determine i(-29).
-55
Let p(j) = -j**3 + 22*j**2 + 138*j - 190. Calculate p(28).
-1030
Let i(b) = -639*b + 9585. Give i(15).
0
Let v(c) = 4323*c + 432320. What is v(-100)?
20
Let v(g) = 321*g - 278314. Give v(867).
-7
Let y(u) = -664*u**2 + 116200*u + 109. Determine y(175).
109
Let p(s) = 14*s**3 + 239*s**2 + 436*s - 10. Give p(-15).
-25
Let s(j) = 59980*j + 1499494. Calculate s(-25).
-6
Let w(m) = -4022*m + 120661. Determine w(30).
1
Let d(c) = c**3 + 16*c**2 - 55*c - 991. Calculate d(-13).
231
Let b(p) = -5*p**2 - 7171*p + 28758. Give b(4).
-6
Let s(i) = 75*i**3 - 8*i**2 + 8*i + 21. Give s(3).
1998
Let x(d) = 4*d**3 - 275*d**2 - 61*d - 559. Give x(69).
-7
Let w(u) = -6*u**2 + 28*u + 698. What is w(16)?
-390
Let z(v) = 15*v**3 + 214*v**2 - 472*v + 65. Calculate z(2).
97
Let c(h) = 100*h - 24775. Calculate c(244).
-375
Let w(p) = 27792*p + 55460. Give w(-2).
-124
Let k(z) = -24*z**3 - 56*z**2 + 150*z - 96. Calculate k(1).
-26
Let n(a) = 4*a**3 + 13*a**2 + 17*a - 33. What is n(-8)?
-1385
Let z(k) = -k**3 - 77*k**2 + 826*k + 34118. Determine z(-82).
6
Let h(s) = -s**3 - 156*s**2 + 23*s + 2739. Give h(-156).
-849
Let c(i) = -i**3 - 90*i**2 - 818*i - 82617. Give c(-91).
102
Let m(a) = 4*a**3 - 27*a**2 + 99*a - 55. Calculate m(4).
165
Let h(i) = 113*i**2 - 1037*i - 22. Determine h(9).
-202
Let z(y) = -y**3 + 63*y**2 - 58*y + 4038. Calculate z(63).
384
Let n(w) = -772*w + 1. Determine n(0).
1
Let p(c) = 3*c**3 + 44*c**2 - 137*c - 774. Calculate p(-6).
984
Let v(r) = -3*r**2 + 172370*r - 7922672. Give v(46).
0
Let q(s) = -s**3 + 195*s**2 - 2537*s - 63. Give q(14).
-105
Let f(s) = 11*s**2 - 168*s - 99. Give f(5).
-664
Let c(l) = 119*l + 4659. What is c(-37)?
256
Let s(m) = -3*m**3 - 284*m**2 - 464*m + 142. Determine s(-93).
49
Let t(h) = 7*h**2 - 1200*h + 17398. Calculate t(16).
-10
Let u(o) = -7*o**2 - 537*o - 2121. What is u(-4)?
-85
Let g(j) = -j**3 + 900*j**2 + 6306*j + 869867. Give g(908).
3
Let o(d) = 2*d**3 + 41*d**2 - 54*d - 44. What is o(-22)?
-308
Let g(q) = 1751*q**2 - 1757*q - 4. Determine g(1).
-10
Let i(b) = b**3 + 101*b**2 - 1619*b + 487. Give i(-115).
1522
Let r(a) = -1693*a + 56855. What is r(33)?
986
Let b(l) = -l**3 + 14*l**2 + 111*l - 1630. Calculate b(15).
-190
Let n(w) = -59*w**2 - 979*w + 199. Determine n(-18).
-1295
Let h(m) = 1132281*m + 12455089. Determine h(-11).
-2
Let z(v) = -v**2 - 23544*v - 117683. What is z(-5)?
12
Let b(k) = 7*k**2 + 268*k - 791. What is b(-41)?
-12
Let i(u) = -18*u + 1587. What is i(87)?
21
Let h(u) = -163*u - 11636. Give h(-71).
-63
Let m(w) = 2*w**2 - 33*w - 284. Determine m(-6).
-14
Let k(q) = 326*q - 169141. What is k(519)?
53
Let g(d) = -2087*d**2 + 69026*d - 5113. Determine g(33).
2
Let k(x) = 7025*x + 927306. Determine k(-132).
6
Let f(b) = b**3 + 149*b**2 + 5504*b - 263. Give f(-81).
61
Let b(v) = -17*v**2 - 11763*v + 690. Determine b(-692).
-2
Let p(b) = 2*b**3 - 25*b**2 - 33*b + 601. What is p(13)?
341
Let u(z) = 459*z + 58694. Give u(-131).
-1435
Let m(s) = -50*s**2 + 11625*s + 34854. Determine m(-3).
-471
Let u(x) = 3*x**3 - 321*x**2 - 39*x - 865. What is u(107)?
-5038
Let h(v) = -v**2 + 48*v + 1921. Give h(-24).
193
Let w(x) = 4*x**2 + 21179*x - 982692. Calculate w(46).
6
Let u(b) = 15347*b - 122898. Determine u(8).
-122
Let h(o) = -181156*o + 1086953. Calculate h(6).
17
Let w(o) = 1078*o - 584. Give w(-1).
-1662
Let n(w) = 546*w**2 - 3320*w + 2. Give n(6).
-262
Let k(t) = -6*t**3 - 145*t**2 - 38*t + 95. Calculate k(-24).
431
Let t(j) = -3641*j - 72805. Calculate t(-20).
15
Let b(t) = 2*t**2 + 63*t - 87. Calculate b(-18).
-573
Let h(w) = 14021*w + 70207. Determine h(-5).
102
Let h(z) = 5*z**3 - 818*z**2 - 330*z + 594. Calculate h(164).
266
Let m(h) = h**3 - 57*h**2 + 7382*h - 410257. Determine m(56).
-1
Let f(s) = -8*s + 289. Determine f(37).
-7
Let g(i) = 10*i**3 - 17*i - 16. Calculate g(-2).
-62
Let l(c) = -5*c**3 + 989*c**2 - 792*c + 780. Give l(197).
-8
Let j(k) = -15*k**2 - 2667*k + 135342. Calculate j(-219).
0
Let o(p) = 6016*p + 2610994. Determine o(-434).
50
Let o(m) = -7361*m + 14767. What is o(2)?
45
Let o(l) = l**2 + 225653*l - 2256629. Give o(10).
1
Let g(a) = 67*a**2 + 596*a - 3390. Give g(4).
66
Let w(c) = -31534*c**2 + 189205*c + 20. Give w(6).
26
Let v(x) = x**3 - 23*x**2 + 109*x - 73. Calculate v(10).
-283
Let a(i) = -9*i**2 + 715*i - 1592. Calculate a(77).
102
Let w(b) = -2*b**3 + 48*b**2 - 399*b + 15142. Calculate w(27).
-5
Let u(f) = 15*f**2 - 613*f + 586. Give u(42).
1300
Let b(o) = 4*o**3 + 271*o**2 - 4674*o - 20. Calculate b(-82).
-20
Let b(f) = -682*f + 40398. Determine b(59).
160
Let b(g) = -94*g**2 - 1588*g + 156. Calculate b(-17).
-14
Let g(d) = -d**2 + 398*d - 39741. What is g(203)?
-156
Let z(j) = 510*j**2 + 26529*j - 115. Give z(-52).
-583
Let x(m) = 26*m**2 + 206003*m + 206003. Calculate x(-1).
26
Let b(z) = -z**3 - 17*z**2 + 184*z + 18. Give b(7).
130
Let k(z) = 44649*z - 1339460. Give k(30).
10
Let z(b) = -420*b - 9045. Determine z(-21).
-225
Let j(n) = 2*n**2 - 6432*n - 601876. What is j(-91)?
-2
Let y(u) = -16*u**3 + 118*u**2 - 24*u + 5. Determine y(7).
131
Let d(m) = -m**3 + 30*m**2 - 85*m - 7. Give d(5).
193
Let s(q) = -377*q**2 - 1152*q - 17. Determine s(-3).
46
Let h(t) = -2*t**3 - 10302*t - 30915. Calculate h(-3).
45
Let a(q) = 4*q**2 + 15*q - 2507. What is a(-27)?
4
Let n(z) = -2*z**3 + 865*z**2 - 1269*z - 10165. Give n(431).
179
Let x(j) = -270287*j + 4324591. Give x(16).
-1
Let v(y) = 14*y - 6084. What is v(435)?
6
Let v(g) = -49*g**2 + 6314*g + 1082. Calculate v(129).
179
Let o(h) = -2*h**2 - 2912*h + 86076. Give o(29).
-54
Let a(r) = -73954*r + 20707110. What is a(280)?
-10
Let j(r) = -r**3 + 15*r**2 + 65*r - 537. Determine j(8).
431
Let d(g) = 169492*g - 4237303. What is d(25)?
-3
Let r(g) = g**2 - 939*g + 89099. What is r(107)?
75
Let o(q) = -65*q**2 + 9290*q - 9291. What is o(1)?
-66
Let o(h) = -h**3 + 73*h**2 - 211*h + 13. What is o(3)?
10
Let a(d) = d**3 + 452*d**2 + 3960*d - 11948. Give a(-443).
13
Let h(i) = -164463*i + 1480153. Determine h(9).
-14
Let l(r) = -5*r**2 - 213*r - 786. Calculate l(-4).
-14
Let o(x) = -6683*x - 2178668. Determine o(-326).
-10
Let i(r) = 5952*r - 215528. What is i(36)?
-1256
Let a(c) = -134*c**2 + 282*c + 1942. Give a(5).
2
Let b(v) = -v**3 + v**2 + 272*v - 74. Give b(-16).
-74
Let q(d) = -1205*d + 31234. Give q(26).
-96
Let z(s) = -66*s + 119. Calculate z(6).
-277
Let r(j) = 3*j**3 + 171*j**2 + 5*j - 569. Determine r(-57).
-854
Let a(o) = -8132*o - 463513. Calculate a(-57).
11
Let u(s) = 295*s + 300019. What is u(-1017)?
4
Let r(c) = -c**3 - 21*c**2 + 265*c + 968. Give r(-29).
11
Let k(s) = 10*s**2 - 416*s - 6. Calculate k(42).
162
Let l(i) = -2*i**2 + 116*i - 2146. What is l(39)?
-664
Let j(c) = c**2 + 197816*c + 593432. Determine j(-3).
-7
Let d(z) = 163*z**2 + 2323*z + 599. Calculate d(-14).
25
Let r(h) = -11799*h + 34749. Determine r(3).
-648
Let w(l) = 2*l**2 + 197*l - 7424. Determine w(-123).
-1397
Let t(n) = -n**3 + 237*n**2 + 6517*n + 83